5.
25
What is the greatest common factor of 16213 and 496?
31
Calculate the highest common divisor of 711 and 2765.
79
What is the greatest common divisor of 441250 and 3125?
625
What is the greatest common factor of 81 and 2795310?
81
What is the highest common factor of 576 and 7056?
144
What is the greatest common factor of 46288 and 32?
16
What is the highest common divisor of 9169 and 6055?
173
Calculate the greatest common factor of 330 and 2160.
30
What is the highest common factor of 6067 and 8?
1
Calculate the highest common divisor of 13848 and 1392.
24
What is the highest common factor of 372 and 347572?
124
What is the highest common divisor of 47655 and 75?
15
What is the greatest common divisor of 9486 and 565254?
558
What is the greatest common divisor of 6130 and 280?
10
What is the greatest common factor of 309600 and 141600?
2400
What is the highest common divisor of 1407 and 1943?
67
Calculate the greatest common divisor of 7446 and 183.
3
Calculate the highest common divisor of 450 and 5373.
9
Calculate the greatest common factor of 82824 and 3132.
348
Calculate the highest common divisor of 543830 and 85.
85
What is the greatest common divisor of 2821100 and 100?
100
What is the greatest common factor of 5385 and 23715?
15
Calculate the highest common factor of 81 and 309987.
81
What is the greatest common divisor of 138 and 184?
46
What is the greatest common divisor of 15 and 653031?
3
Calculate the highest common divisor of 106301 and 37.
37
What is the greatest common factor of 144936 and 25498?
1342
Calculate the highest common divisor of 53 and 67522.
53
Calculate the highest common divisor of 1339 and 3090.
103
What is the highest common divisor of 6884534 and 158?
158
What is the greatest common divisor of 10927 and 6913?
223
Calculate the greatest common divisor of 108 and 146140.
4
Calculate the highest common factor of 143974 and 6.
2
What is the highest common divisor of 943 and 31?
1
Calculate the greatest common factor of 15 and 482725.
5
What is the highest common factor of 3 and 3183?
3
What is the highest common divisor of 119805 and 107310?
735
What is the greatest common divisor of 13 and 416?
13
What is the highest common factor of 64 and 165952?
64
Calculate the greatest common factor of 3184023 and 1263.
1263
What is the highest common divisor of 52 and 284804?
52
Calculate the greatest common factor of 7563188 and 164.
164
Calculate the highest common divisor of 3243 and 27636.
141
What is the highest common divisor of 13428 and 64156?
1492
Calculate the highest common divisor of 230608 and 224.
112
What is the greatest common factor of 54690 and 50?
10
What is the highest common divisor of 20 and 5365420?
20
What is the greatest common factor of 98159 and 46697?
953
Calculate the greatest common factor of 72393 and 531.
177
Calculate the greatest common divisor of 555105 and 46.
23
Calculate the greatest common factor of 693 and 292963.
11
Calculate the greatest common factor of 32896 and 257.
257
Calculate the highest common factor of 3108 and 3722348.
1036
Calculate the highest common divisor of 208 and 61672.
104
Calculate the highest common divisor of 130 and 953060.
10
Calculate the greatest common factor of 1959 and 118193.
653
What is the greatest common divisor of 3528 and 145677?
147
What is the greatest common factor of 2622641 and 119?
119
Calculate the highest common factor of 142 and 568.
142
Calculate the greatest common divisor of 297488 and 32.
16
Calculate the greatest common divisor of 277882 and 1258.
34
What is the highest common divisor of 384 and 356?
4
Calculate the greatest common factor of 20040 and 6.
6
What is the highest common divisor of 296793 and 1008?
63
Calculate the highest common factor of 117558 and 630.
126
What is the highest common factor of 18752 and 64?
64
What is the highest common divisor of 13 and 603044?
13
What is the highest common divisor of 33036 and 36?
12
Calculate the highest common divisor of 374071 and 29.
29
Calculate the greatest common factor of 23472 and 5312.
16
Calculate the highest common factor of 30025 and 58849.
1201
What is the greatest common divisor of 402 and 714?
6
Calculate the greatest common divisor of 1508 and 21460.
116
What is the highest common divisor of 28 and 33523?
7
Calculate the greatest common divisor of 1446 and 498.
6
What is the greatest common factor of 43956 and 43362?
594
What is the highest common divisor of 11 and 722447?
11
What is the greatest common factor of 1698 and 168?
6
Calculate the greatest common factor of 253090 and 80.
10
Calculate the greatest common divisor of 446 and 93437.
223
What is the highest common factor of 2289 and 1821390?
327
What is the highest common divisor of 14 and 151130?
14
Calculate the highest common factor of 3053 and 24940.
43
Calculate the highest common factor of 2310 and 3588585.
1155
Calculate the greatest common divisor of 39 and 25077.
39
What is the highest common divisor of 680 and 1411510?
170
What is the greatest common divisor of 115 and 505?
5
Calculate the greatest common divisor of 114920 and 120.
40
Calculate the greatest common divisor of 10914 and 816.
102
Calculate the greatest common factor of 64 and 3856.
16
Calculate the greatest common divisor of 8558 and 28204.
22
What is the greatest common factor of 984814 and 474?
158
What is the highest common divisor of 705240 and 660?
60
What is the highest common divisor of 1648 and 6784?
16
What is the highest common factor of 552 and 135528?
24
Calculate the highest common factor of 17010 and 45.
45
What is the greatest common factor of 39 and 4157127?
39
Calculate the greatest common factor of 21008 and 3328.
208
Calculate the highest common divisor of 942 and 11436.
6
Calculate the highest common divisor of 54 and 1914.
6
Calculate the greatest common factor of 10272 and 2838.
6
Calculate the greatest common factor of 6769 and 6181.
7
Calculate the highest common divisor of 884 and 10465.
13
Calculate the greatest common divisor of 201289 and 3190.
319
Calculate the greatest common factor of 10762662 and 118.
118
Calculate the highest common factor of 100 and 5349050.
50
What is the greatest common factor of 2284 and 138753?
571
Calculate the greatest common factor of 65 and 79781.
13
Calculate the greatest common divisor of 23374 and 114608.
754
Calculate the greatest common factor of 154 and 391952.
22
What is the highest common factor of 184 and 324714?
46
Calculate the highest common divisor of 956208 and 32.
16
Calculate the highest common divisor of 644061 and 121.
11
What is the highest common factor of 831 and 16343?
277
What is the greatest common divisor of 28840 and 2240?
280
Calculate the greatest common factor of 118 and 119534.
118
Calculate the highest common factor of 65 and 15613.
13
What is the greatest common factor of 2267800 and 2125?
425
Calculate the greatest common factor of 155564 and 4.
4
Calculate the highest common factor of 96204 and 24.
12
What is the greatest common divisor of 11825 and 75?
25
What is the highest common factor of 5367 and 3554743?
1789
Calculate the greatest common divisor of 36 and 3202326.
18
Calculate the greatest common factor of 494 and 86034.
26
Calculate the greatest common divisor of 51 and 745365.
51
What is the highest common divisor of 11292 and 108?
12
What is the highest common divisor of 21249 and 297?
27
Calculate the greatest common divisor of 7604 and 8.
4
Calculate the highest common factor of 612 and 76.
4
Calculate the greatest common factor of 1140800 and 155.
155
Calculate the highest common divisor of 12507 and 33.
33
Calculate the greatest common divisor of 72 and 69192.
72
Calculate the highest common factor of 553 and 6557.
79
Calculate the greatest common factor of 273 and 1482390.
273
What is the greatest common divisor of 44 and 185?
1
Calculate the greatest common divisor of 673166 and 78.
26
Calculate the greatest common divisor of 39 and 1358136.
39
Calculate the greatest common divisor of 16017 and 150897.
843
Calculate the greatest common divisor of 45 and 348630.
15
Calculate the highest common divisor of 31550 and 860.
10
Calculate the highest common divisor of 2766291 and 561.
561
What is the highest common divisor of 